rime number?
False
Is 1831289 a prime number?
True
Is 2594093 a composite number?
False
Is 54652181 prime?
True
Is 7214911 a prime number?
False
Is 22637963 composite?
False
Is 13952186 a prime number?
False
Is 18306341 composite?
True
Is 45657343 composite?
False
Is 5379097 a prime number?
False
Is 15106241 a composite number?
False
Is 27832381 composite?
True
Is 979651 prime?
True
Is 7791907 a prime number?
True
Is 10939351 prime?
False
Is 2915367523 prime?
True
Is 5147827 prime?
True
Is 9875021 composite?
True
Is 13048859 prime?
False
Is 1146772789 a composite number?
True
Is 412183991 prime?
True
Is 1779239107 prime?
False
Is 4765989 a prime number?
False
Is 9837557 prime?
True
Is 5791729 a composite number?
True
Is 109929277 composite?
False
Is 1692245 composite?
True
Is 123802787 prime?
True
Is 1374079979 composite?
False
Is 3147421 a composite number?
False
Is 34611581 prime?
False
Is 1070987899 a prime number?
False
Is 21842103 prime?
False
Is 94464101 a composite number?
True
Is 17316433 composite?
False
Is 8664277 a composite number?
True
Is 1468387 a composite number?
False
Is 51231821 composite?
False
Is 109721 a prime number?
True
Is 52327061 a prime number?
True
Is 5914957 composite?
True
Is 47836387 prime?
True
Is 645233 a composite number?
False
Is 19324363 prime?
True
Is 30710291 composite?
False
Is 3497827 a prime number?
True
Is 51042711 a prime number?
False
Is 5710997 a prime number?
False
Is 343699 composite?
True
Is 1188377 composite?
False
Is 180069751 a composite number?
True
Is 16772473 a prime number?
False
Is 569573 prime?
True
Is 2567329 a composite number?
True
Is 33855863 a composite number?
True
Is 8134123 prime?
False
Is 131375533 prime?
False
Is 18577943 a composite number?
False
Is 2332103 a composite number?
False
Is 1371893 composite?
False
Is 44108279 a composite number?
True
Is 1174053853 a composite number?
True
Is 412387 prime?
True
Is 257371 a composite number?
False
Is 2902355 a prime number?
False
Is 111959203 a prime number?
False
Is 54826257 a composite number?
True
Is 9281749 a composite number?
False
Is 2588051 prime?
True
Is 5661709 a composite number?
True
Is 42583877 prime?
False
Is 877069 a composite number?
True
Is 9183235 a composite number?
True
Is 106938253 prime?
True
Is 1701493 prime?
True
Is 353538329 composite?
False
Is 1463327 prime?
True
Is 488045969 a composite number?
False
Is 98219447 prime?
False
Is 1143047 a prime number?
True
Is 251174761 a prime number?
False
Is 810463 prime?
False
Is 1022701 a composite number?
False
Is 29102665 composite?
True
Is 10565183 prime?
True
Is 2155291 a prime number?
True
Is 236387 prime?
True
Is 63864319 a composite number?
True
Is 8810123 composite?
True
Is 19843631 prime?
False
Is 1419589 a prime number?
True
Is 1153039001 a composite number?
True
Is 14112239 a prime number?
False
Is 12093197 a prime number?
True
Is 15350903 a composite number?
True
Is 7478959 prime?
True
Is 512419 a prime number?
True
Is 10617749 a prime number?
False
Is 147584258 prime?
False
Is 344418639 a composite number?
True
Is 68666749 composite?
False
Is 2716223 prime?
True
Is 3261149 a prime number?
False
Is 98640469 a prime number?
False
Is 134092843 composite?
False
Is 124955931 composite?
True
Is 7542709 a composite number?
True
Is 33671333 composite?
True
Is 8477213 composite?
True
Is 1751101 a composite number?
True
Is 1741379 a composite number?
False
Is 660047 composite?
False
Is 12563477 a composite number?
False
Is 185503 a composite number?
True
Is 50576245 a composite number?
True
Is 23506993 a composite number?
False
Is 1955783 composite?
True
Is 3684599 a composite number?
True
Is 26303521 a composite number?
True
Is 3548117 a prime number?
False
Is 6058007 a prime number?
True
Is 431514309 prime?
False
Is 4417279 a composite number?
False
Is 14212949 a prime number?
True
Is 100238441 composite?
False
Is 18016189 prime?
True
Is 5810047 a prime number?
False
Is 2307507 prime?
False
Is 157642237 composite?
True
Is 41617529 prime?
True
Is 332394823 composite?
False
Is 58478083 prime?
True
Is 2107571 a prime number?
False
Is 2751379 a prime number?
True
Is 99093661 a prime number?
False
Is 3953051 a prime number?
True
Is 20184641 a composite number?
False
Is 4221169 prime?
True
Is 5541974 prime?
False
Is 35000647 composite?
True
Is 38589367 prime?
False
Is 2668737 composite?
True
Is 973151 composite?
False
Is 26783831 prime?
True
Is 56841511 a composite number?
True
Is 348091 prime?
False
Is 1086607 prime?
True
Is 8077447 a composite number?
True
Is 101107183 prime?
True
Is 44769811 prime?
True
Is 3992683 a composite number?
False
Is 707669 a composite number?
False
Is 10923953 prime?
True
Is 16049933 composite?
True
Is 1645247 prime?
False
Is 117753799 a prime number?
True
Is 8618603 a composite number?
True
Is 400590539 a prime number?
True
Is 7452955 a prime number?
False
Is 606943 a prime number?
True
Is 19040737 a prime number?
True
Is 23407999 a prime number?
True
Is 265289359 a prime number?
False
Is 897493 a composite number?
True
Is 36431899 a prime number?
False
Is 1525441 prime?
False
Is 24207693 prime?
False
Is 1002574 prime?
False
Is 311115617 a composite number?
False
Is 744043 a prime number?
True
Is 20309699 a composite number?
False
Is 1985185 composite?
True
Is 33366649 composite?
True
Is 274624565 prime?
False
Is 20838959 a prime number?
False
Is 279444259 prime?
True
Is 6006527 a composite number?
True
Is 3013079 composite?
True
Is 42054806 a prime number?
False
Is 1006521 prime?
False
Is 32592769 composite?
True
Is 52637 composite?
True
Is 502303 a prime number?
False
Is 32272594 prime?
False
Is 534968381 composite?
False
Is 4497271 a composite number?
False
Is 6468929 composite?
True
Is 437465045 composite?
True
Is 205884031 composite?
False
Is 255372899 composite?
True
Is 13653149 a composite number?
False
Is 223515835 prime?
False
Is 1885851793 a composite number?
True
Is 37717891 composite?
True
Is 295591199 a prime number?
True
Is 81327641 a prime number?
False
Is 52354799 a composite number?
True
Is 20737763 prime?
False
Is 2719579 a prime number?
False
Is 165159919 composite?
True
Is 442303399 composite?
True
Is 102815506 a prime number?
False
Is 2043397 a prime number?
True
Is 6041561 prime?
False
Is 3023303 a composite number?
False
Is 10443221 a composite number?
False
Is 953179 prime?
True
Is 4914929 composite?
True
Is 100253117 prime?
True
Is 4342027 composite?
True
Is 294766229 a prime number?
False
Is 26414929 composite?
True
Is 12244139 prime?
True
Is 922123 composite?
False
Is 9805709 a composite number?
False
Is 333391 composite?
True
Is 964783 a composite number?
False
Is 78141083 composite?
True
Is 4051597 composite?
True
Is 29062697 a composite number?
False
Is 5875501 a prime number?
True
Is 24386851 composite?
False
Is 35126293 prime?
True
Is 458892823 a prime number?
True
Is 887867 composite?
False
Is 16108681 a composite number?
True
Is 5162627 a prime number?
True
Is 1314809 a composite number?
False
Is 180793 prime?
True
Is 40146773 a composite number?
True
Is 15524143 a prime number?
True
Is 2422379 a prime number?
False
Is 8083123 prime?
True
Is 987487 prime?
False
Is 368131 composite?
True
Is 1692377 a composite number?
False
Is 23430871 a prime number?
True
Is 18431659 a composite number?
True
Is 7051747 a prime number?
False
Is 14857577 prime?
False
Is 259907 a prime number?
True
Is 9144547 a composite number?
True
Is 7906153 a composite number?
True
Is 4517705 a prime number?
False
Is 57049207 composite?
True
Is 15856067 a composite number?
False
Is 1904021 prime?
False
Is 423384257 a composite number?
False
Is 12812621 composite?
False
Is 31344329 a composite number?
False
Is 381571 a composite number?
True
Is 521707 a composite number?
False
Is 9804653 prime?
True
Is 1143785017 a composite number?
False
Is 3532717 a composite number?
False
Is 27766759 a prime number?
False
Is 2340209 a prime number?
True
Is 11620481 composite?
False
Is 180527051 a prime number?
True
Is 2115853 a composite number?
False
Is 54627623 prime?
True
Is 14755789 a composite number?
True
Is 329296393 prime?
True
Is 8999143 a composite number?
False
Is 8052817 a prime number?
True
Is 6617431 composite?
False
Is 221649457 prime